03 is divided by 2195?
713
What is the remainder when 4124836 is divided by 2062410?
16
What is the remainder when 9287 is divided by 5808?
3479
Calculate the remainder when 256449 is divided by 1819.
1789
What is the remainder when 5419636 is divided by 1354885?
96
Calculate the remainder when 3941511 is divided by 1616.
87
What is the remainder when 603878288 is divided by 79?
76
Calculate the remainder when 104018 is divided by 2265.
2093
Calculate the remainder when 722955 is divided by 138.
111
Calculate the remainder when 53951 is divided by 7233.
3320
Calculate the remainder when 22755051 is divided by 2153.
2147
What is the remainder when 20857 is divided by 6918?
103
Calculate the remainder when 86117 is divided by 84482.
1635
What is the remainder when 1646541 is divided by 5082?
5055
What is the remainder when 17519854 is divided by 8759890?
74
What is the remainder when 13223108 is divided by 15?
8
What is the remainder when 1789551 is divided by 101?
33
What is the remainder when 1046677 is divided by 189?
184
Calculate the remainder when 850049 is divided by 84999.
59
Calculate the remainder when 66832339 is divided by 46.
43
Calculate the remainder when 219032 is divided by 36.
8
Calculate the remainder when 16245520 is divided by 5415172.
4
Calculate the remainder when 486515 is divided by 243074.
367
Calculate the remainder when 7092966 is divided by 259.
251
What is the remainder when 9875022 is divided by 2523?
0
Calculate the remainder when 16509824 is divided by 775.
774
Calculate the remainder when 38706 is divided by 12.
6
What is the remainder when 4857878 is divided by 374?
366
Calculate the remainder when 3331484 is divided by 5055.
239
Calculate the remainder when 2309883 is divided by 12.
3
Calculate the remainder when 188164328 is divided by 26880617.
9
Calculate the remainder when 1713250 is divided by 155744.
66
Calculate the remainder when 476486 is divided by 31752.
206
Calculate the remainder when 1571155 is divided by 120834.
313
Calculate the remainder when 65136 is divided by 295.
236
What is the remainder when 1230430 is divided by 1167?
412
What is the remainder when 678035 is divided by 226004?
23
What is the remainder when 1370381 is divided by 124548?
353
Calculate the remainder when 2655404 is divided by 2655396.
8
Calculate the remainder when 6336156 is divided by 6336097.
59
What is the remainder when 1059281 is divided by 16048?
113
What is the remainder when 6949510 is divided by 103724?
2
What is the remainder when 237958 is divided by 3294?
790
Calculate the remainder when 4661248 is divided by 2207.
64
What is the remainder when 1161752 is divided by 1041?
1037
Calculate the remainder when 9563399 is divided by 60.
59
Calculate the remainder when 9450726 is divided by 16.
6
What is the remainder when 957536 is divided by 319141?
113
Calculate the remainder when 13595203 is divided by 39.
37
What is the remainder when 5057319 is divided by 2279?
218
What is the remainder when 5448544 is divided by 39?
10
Calculate the remainder when 248750 is divided by 1033.
830
Calculate the remainder when 3060137 is divided by 1382.
389
What is the remainder when 1840547 is divided by 368093?
82
What is the remainder when 6015645 is divided by 6015495?
150
Calculate the remainder when 10984201 is divided by 159.
4
Calculate the remainder when 111485 is divided by 55717.
51
Calculate the remainder when 9730332 is divided by 884573.
29
What is the remainder when 89399 is divided by 148?
7
What is the remainder when 157874250 is divided by 3197?
3193
What is the remainder when 109612064 is divided by 27403014?
8
Calculate the remainder when 613131 is divided by 2182.
2171
What is the remainder when 32494 is divided by 244?
42
Calculate the remainder when 13897 is divided by 1743.
1696
What is the remainder when 297018 is divided by 193?
184
What is the remainder when 45143 is divided by 396?
395
Calculate the remainder when 460250 is divided by 5111.
260
Calculate the remainder when 1569147 is divided by 4952.
4315
Calculate the remainder when 200181 is divided by 958.
917
Calculate the remainder when 426999 is divided by 2808.
183
Calculate the remainder when 3016549 is divided by 3016547.
2
Calculate the remainder when 14658 is divided by 1961.
931
What is the remainder when 796349 is divided by 3320?
2869
What is the remainder when 622867 is divided by 49?
28
Calculate the remainder when 257313 is divided by 48.
33
What is the remainder when 3940487 is divided by 25?
12
What is the remainder when 91116 is divided by 1473?
1263
Calculate the remainder when 185890 is divided by 581.
551
Calculate the remainder when 18260629 is divided by 52.
49
What is the remainder when 797538 is divided by 1934?
730
Calculate the remainder when 1453701 is divided by 227.
220
What is the remainder when 56315798 is divided by 7409?
7398
Calculate the remainder when 2380950 is divided by 1153.
5
Calculate the remainder when 80476413 is divided by 324.
321
What is the remainder when 111689016 is divided by 265?
261
Calculate the remainder when 491632 is divided by 44468.
2484
What is the remainder when 1298988 is divided by 261?
252
What is the remainder when 284778982 is divided by 85?
82
What is the remainder when 1140058 is divided by 33?
7
What is the remainder when 17443172 is divided by 917?
915
Calculate the remainder when 2920930 is divided by 958.
946
Calculate the remainder when 53846791 is divided by 21.
19
What is the remainder when 3936103 is divided by 65601?
43
What is the remainder when 184273 is divided by 737?
23
What is the remainder when 5914669 is divided by 140?
89
Calculate the remainder when 125425 is divided by 41182.
1879
What is the remainder when 7757092 is divided by 156?
148
What is the remainder when 308284390 is divided by 104?
102
What is the remainder when 948145 is divided by 474071?
3
Calculate the remainder when 159037 is divided by 1395.
7
Calculate the remainder when 134922 is divided by 134599.
323
What is the remainder when 450666 is divided by 2222?
1822
Calculate the remainder when 7010669 is divided by 1479.
209
What is the remainder when 306761 is divided by 305906?
855
What is the remainder when 326800 is divided by 1373?
26
What is the remainder when 528540 is divided by 10158?
324
What is the remainder when 1598381 is divided by 4562?
1681
Calculate the remainder when 2642654 is divided by 1321274.
106
What is the remainder when 217390 is divided by 69?
40
Calculate the remainder when 1106309 is divided by 52681.
8
Calculate the remainder when 12733 is divided by 1383.
286
What is the remainder when 7380982 is divided by 670998?
4
Calculate the remainder when 17930175 is divided by 3585998.
185
Calculate the remainder when 236490 is divided by 2543.
2534
What is the remainder when 2148087394 is divided by 21?
19
Calculate the remainder when 7336996 is divided by 107897.
0
Calculate the remainder when 2293167 is divided by 3397.
192
What is the remainder when 20310 is divided by 619?
502
What is the remainder when 11309621 is divided by 377?
375
What is the remainder when 51823 is divided by 192?
175
Calculate the remainder when 462324 is divided by 354.
0
What is the remainder when 184865 is divided by 3697?
15
What is the remainder when 388169 is divided by 90?
89
Calculate the remainder when 119621388 is divided by 16128.
12
Calculate the remainder when 12166181 is divided by 16666.
1
Calculate the remainder when 701925 is divided by 175443.
153
What is the remainder when 115488098 is divided by 925?
923
Calculate the remainder when 100847 is divided by 5115.
3662
What is the remainder when 354940 is divided by 1071?
439
Calculate the remainder when 5754 is divided by 141.
114
What is the remainder when 9289647 is divided by 188?
3
Calculate the remainder when 174031195 is divided by 420.
415
What is the remainder when 12435 is divided by 3365?
2340
Calculate the remainder when 89990 is divided by 1628.
450
What is the remainder when 649313521 is divided by 42?
31
What is the remainder when 4161 is divided by 3949?
212
What is the remainder when 189533 is divided by 189392?
141
What is the remainder when 5011783 is divided by 49?
14
What is the remainder when 200037 is divide